9 - 1. Let b = 2781 + -4777. Is ((-4)/(-4))/(o/b) a composite number?
False
Let v(w) = 6*w - 5. Let c be v(4). Suppose -4*z + c = -1. Suppose 4*n - 5*y - 654 = 2*n, 1705 = 5*n + z*y. Is n a composite number?
False
Let f = 1685 - -2903. Suppose 0 = 9*h - 13*h + f. Is h composite?
True
Let p = -5553 + 9290. Is p a prime number?
False
Let n = 46 - 41. Suppose 0 = n*o - o + 3*u - 931, 5*o - u - 1178 = 0. Is o a prime number?
False
Let s = -10480 + 15999. Is s composite?
False
Let h(y) = 1040*y + 2. Let c be h(2). Suppose 5*q = -q + c. Is q prime?
True
Suppose -6*g - 8524 = -34246. Is g a prime number?
False
Suppose 3*o = 2*r - 22, 4*o = 6*o - r + 14. Is (-2)/o - 2992/(-6) a prime number?
True
Let o be (3 + 6)*(-5)/(-15). Suppose -4*r = o*b - 895 - 4, 0 = 2*r + 5*b - 467. Is r prime?
False
Let o be (-16)/12*6/4. Is (326/3)/(22/99) - o prime?
True
Let k = 3084 + -1431. Let q = 2491 - k. Is q a composite number?
True
Suppose -5*h = 33*h - 309586. Is h a composite number?
False
Let a(f) = -6*f**3 - 5*f**2 + 7*f - 3. Is a(-5) prime?
True
Let u = 1593 + -1036. Is u a composite number?
False
Suppose 139582 - 34748 = 46*o. Is o a prime number?
False
Suppose -2*i + 58589 = 3*w, -4*w + 44*i = 41*i - 78113. Is w a composite number?
True
Let i = 2646 + 1492. Suppose -3*z = -z - i. Suppose -4*l + o = -z, -4*o - 108 = 2*l - 1138. Is l a prime number?
False
Suppose -b = -2*n - 0 - 7, -2*b + n = -23. Let g(u) = u**3 - 12*u**2 - 14*u + 13. Let w be g(b). Suppose i - 115 = -w*i. Is i composite?
True
Let k(j) be the first derivative of -j**4/4 - 2*j**3 - 3*j**2 + 8. Let z be k(-5). Suppose z*h = -3*h + 4664. Is h prime?
False
Let h = -8 - -6. Is -2 + 10/4 - 1737/h prime?
False
Let g(u) = u**2 + 8*u + 15. Let d be g(-2). Suppose 2*t + 6*r - 3037 = d*r, -t - 5*r + 1536 = 0. Is t composite?
False
Suppose 17*s - 16675 = -52953. Is (s/6)/((-2)/6) a composite number?
True
Is (-69887)/34*-1*2 composite?
False
Let u be 1 + -7 + 6 + -7. Let j be (8/(-14))/(2/u). Is -2 + 416 - (j - 3) composite?
True
Let v = 23426 + -13195. Is v a composite number?
True
Is 8286 - (1/(-4 - -5))/1 a composite number?
True
Let h be ((-2)/(-4)*0)/1. Let c(t) = t**3 - 4*t**2 - 6*t + 8. Let g be c(5). Suppose b - 28 = -0*b - 5*n, -b + g*n + 68 = h. Is b composite?
False
Let u = 0 - -5. Suppose 0 = -u*j + 243 + 7. Let b = j - -297. Is b a prime number?
True
Let h = 10 - 19. Let s(q) = -3*q - 13. Let t be s(h). Let i = 49 - t. Is i a composite number?
True
Let l be (-36)/(-16) + 3/(-12). Suppose u + t - 6*t - 17 = 0, 0 = 5*u - l*t - 177. Is u composite?
False
Suppose 1 = 2*q - x, 10 = -5*q + 3*x + 11. Suppose -4*k + 1226 = g, -4*g + q*g + 4*k = -2416. Is g a composite number?
True
Let z = -107 - -108. Let y(x) = -2*x - 7. Let l be y(-5). Is (-1049)/(2/(z - l)) prime?
True
Suppose -55*j = -43*j - 541428. Is j prime?
True
Is (5 - 215/45) + 1715075/45 a composite number?
False
Let h(y) = -183*y - 136. Is h(-5) a composite number?
True
Suppose 40210 = 9*s - 146063. Is s composite?
True
Let h be ((-52)/10)/(1/(-20)). Let c(n) = n**3 - 6*n**2 + 15*n - 51. Let w be c(9). Let r = w + h. Is r a composite number?
False
Suppose 2*f = -2*y - 54092, -5495 = -y - 4*f - 32544. Is -2*((-2)/(-7) + y/210) composite?
False
Let a = -36 + 22. Let o be (-66)/a - 18/(-63). Suppose o - 26 = -3*j. Is j composite?
False
Let b be (0 - 1) + 3 + -6 + 4. Suppose b = -k - 5*i + 1405, -i = 5*k + i - 7025. Is k prime?
False
Suppose -310*b + 275960 = -302*b. Is b composite?
True
Suppose 218*h + 718 = 220*h. Is h a composite number?
False
Suppose 0 = d - 4, -2*g + 5*d - 17 = -g. Is g*(-68)/12*-17 prime?
False
Suppose 3*d - 5*d + 4 = 0. Suppose -m + 36 = 5*y - 0*m, -2*y = d*m - 16. Suppose -2*b = y - 449. Is b prime?
False
Suppose -6*h = -3*h. Let a(f) = 6*f**2 - f + 1. Let b be a(3). Suppose h = s - 163 + b. Is s prime?
False
Suppose -12*m + 6069 = 9*m. Is m prime?
False
Let v(f) = -21*f**2 - 7*f + 7. Let u(s) = 21*s**2 + 6*s - 6. Let p(q) = -6*u(q) - 5*v(q). Let y be p(1). Let w = y - -27. Is w a composite number?
True
Let g(o) = o**3 + 3*o**2 - 6*o - 1. Let t be g(-4). Suppose -19 = 3*j + j - 5*s, -3*s = 2*j - t. Is 0 - (j - 250) - -2 a composite number?
True
Suppose -2*o - 12 = 4*j, -o - 14 = 3*j - 2*o. Let y = -1237 + 1212. Is j/10 + (-43985)/y composite?
False
Suppose -5*c + 230 = -7*c. Let d = 208 + c. Is d a prime number?
False
Let k be 4 + (-13)/2 + (-9)/(-6). Is (k + 0)*(-581 + 0) prime?
False
Suppose -67*x - 74488 = -75*x. Is x a prime number?
True
Suppose 187*l - 188*l = -k + 5628, -2*k + 11236 = 2*l. Is k composite?
False
Suppose 3*i - 1956 = 2628. Let t = i - 941. Is t a composite number?
False
Is (10/(-4))/((-34)/235348) a prime number?
False
Let o be (-2 - 2)*(-3)/2. Suppose 0 = -2*a + 7 - 9. Is ((-226)/o)/(a/3) a prime number?
True
Let t(f) = f + 5*f + 2 + 7*f**2 - 2*f**2 + 9*f**2. Let k be t(-4). Let w = 401 - k. Is w a prime number?
True
Suppose 92*m = 9*m + 1383859. Is m a prime number?
True
Let q = -18 + 18. Suppose -3*l + q*l + 3*g + 2100 = 0, l - 694 = 3*g. Is l a prime number?
False
Let l(q) = 6*q**2 + 3*q + 1. Let p be l(-2). Let x = p - 11. Is 2/(x/276*3) a prime number?
True
Let q = -510 - -934. Is 1*4 - (9 - q) a composite number?
False
Let q be -4 - (4 - 4) - -721. Let z = q + -302. Suppose -z = -6*h + h. Is h composite?
False
Suppose 24*a - 27*a - 2*b + 98073 = 0, -2*a + 4*b = -65366. Is a prime?
False
Let q be (-4)/(2*(2 + -1)). Let h be -3 + q + -2 + 7. Suppose -6*a - a + 833 = h. Is a a composite number?
True
Is (-2)/7 - ((-220755)/35 + -4) composite?
False
Let n = -19214 - -27877. Is n prime?
True
Let n(z) = z**3 + 8*z**2 + 8*z + 3. Let y be n(-7). Is -4 + 573 + y/1 composite?
True
Let k(f) = 67*f**2 - 4*f + 3. Suppose 0 = -4*b + 7*b + 9. Let u be 2 - (4 + b + -1). Is k(u) a composite number?
False
Suppose 5*p + 12 = 8*p. Suppose -p*a = a - 1435. Is a composite?
True
Let t(a) = 6*a + 5*a**2 - a - 1 + a**2 + a**3. Let u be t(-4). Let q(g) = 13*g - 16. Is q(u) a composite number?
False
Let q = -2 - -5. Let l be ((15 - 15)/((-3)/3))/3. Suppose -4*b - q*b + 2933 = l. Is b a prime number?
True
Let y(c) be the second derivative of c**4/3 - c**2/2 + 14*c. Is y(6) prime?
False
Let z(n) = n + 1. Let o be z(2). Suppose 3*f + 5*v - 5827 = 0, -7*f + 7812 = -o*f - 4*v. Is f a composite number?
False
Let d = -2638 + 4935. Let m = d - 404. Is m a prime number?
False
Suppose 0 = -7*r + 5*r + 1800. Suppose 3*b - r - 1317 = 0. Is b prime?
True
Suppose 16548 = -5*y - 3*m + 54973, 0 = 3*y + 3*m - 23061. Suppose 1823 + y = 5*x. Is x a prime number?
True
Suppose -8*s = -9*s - 3*p + 6, 2*p - 4 = 0. Suppose m - 1533 = -z, 0 = -3*z - s*m + m + 4591. Is z prime?
True
Let a(w) = 70*w**3 - 5*w**2 + w - 7. Is a(6) a prime number?
True
Let b(h) = -19*h**2 - 3*h - 14. Let g(v) = 38*v**2 + 6*v + 29. Let a(i) = 5*b(i) + 3*g(i). Is a(6) a prime number?
True
Is 7/(-5)*6390/(-18) prime?
False
Let n = -45987 - -68732. Is n prime?
False
Suppose -8*f - 350 + 1638 = 0. Is f a composite number?
True
Let q = -1 + 22. Suppose -5*v = 1 - q. Suppose -v*a = -73 - 283. Is a a prime number?
True
Is (-3)/(-10) + 2874680/400 a prime number?
True
Suppose 2*i + 18 = -3*v, -3*v = 2*i - 4*i + 30. Let c be (v/16)/((-2)/(-16)). Is c/(-12)*3*751 composite?
False
Let l(q) = q**3 + q**2 - q + 3511. Is l(0) prime?
True
Let y = -1097 + 1882. Suppose 5*d - y = -4*a + 130, d = -4*a + 183. Suppose d = 3*w - 198. Is w prime?
True
Suppose j = -j + z - 38675, 4*z - 58000 = 3*j. Is (6/(-4))/(30/j) prime?
True
Suppose 0 = -t + 5*f, 2*t - 3*f + 8*f = 0. Let i = -46 - -96. Is i + -3*(t + -1) prime?
True
Let n(x) = 2*x - 10. Let r be n(6). Suppose 2*w = 3*w - r. Is w prime?
True
Let r(z) = 518*z + 191. Is r(15) prime?
False
Let y(o) = 112*o - 3. Let z be y(2). Let c = z + -82. Is c prime?
True
Suppose -3*q = -3*m + 1674, q - 6 = -2*q. Let f = m + -309. Is f prime?
True
Let o(t) = 10*t**3 + 6*t**2 - t + 5. Is o(4) prime?
False
Let a be (3/2)/(-3)*2. Is a/4 - (-3975)/12 composite?
False
Suppose -3*h + 31 = 4*y, -11 - 8 = -y - 3*h. Let k be (6/y)/(18/33144). Let p = 4101 - k. Is p a prime number?
False
Suppose -473 = -2*w + 1757. Is w prime?
False
Suppose -5*h + 5 = -5*g, g + 0 = 2*h - 3. Suppose -2*q - 3240 = -h*a, 0*a - 3*q = -5*a + 8098. Is a prime?
True
Let c = -1326